rs of c?
19
Suppose -2*d + 17 = -17. Let p = -12 + d. Suppose -4*c - v = -59, c - p*v - 35 = -c. List the prime factors of c.
3, 5
Let n = 324 + -92. List the prime factors of n.
2, 29
Suppose 6 = -3*l - 4*d, -l + 3*d - d + 8 = 0. What are the prime factors of 28/21*21/l?
2, 7
Suppose 28 = -4*g + 3*h - h, 0 = h + 4. Let k = -7 - g. List the prime factors of k.
2
What are the prime factors of (-12)/(-6) + 39 + 3 + -1?
43
Let p(h) = 539*h**2 - 49*h - 49. Let d(s) = -45*s**2 + 4*s + 4. Let j(n) = -49*d(n) - 4*p(n). What are the prime factors of j(-1)?
7
What are the prime factors of (-1 + 7)*23/6?
23
Let q = 12 - -24. List the prime factors of q.
2, 3
Let c = 34 - 3. What are the prime factors of c?
31
Let r(g) = g**3 - 6*g**2 + 2*g - 3. Let o be r(6). Suppose o = -f + 4*f. Suppose 0 = -2*h + j + f*j + 6, 2*j = -5*h + 51. What are the prime factors of h?
3
Let u(t) = 2*t**2 - 4*t + 6. Let q be u(4). Suppose q = -2*i - 3*a, 2*a + 3*a = 0. List the prime factors of i/(-3) + (-2)/3.
3
Let d = -204 - -335. What are the prime factors of d?
131
Suppose 0 = -4*o + 2*p - p - 3, -4*o + 9 = 3*p. Let n be (1 + 3)/(2 - o). Let d = n + 3. List the prime factors of d.
5
Suppose -3*i = i - 20. Suppose -4*t - 8 = -0*t, i*t = 5*j - 120. List the prime factors of j.
2, 11
Suppose 5*k - 3*k + 111 = 5*v, -3*v + 61 = -4*k. What are the prime factors of v?
23
Suppose 5*y - 60 = -5*n, 0*n + n - 21 = 2*y. Suppose -5*k - 20 = 5*f, -10 - n = -5*k + 4*f. List the prime factors of 1 + 9 + k + 1.
2, 3
Let n(u) = 2*u**3 - 2*u**2 - 4*u. Suppose -2*i + 6 = 4*v, -i - 2*i + v = -9. What are the prime factors of n(i)?
2, 3
What are the prime factors of ((-4)/(-3))/((-36)/(-2538))?
2, 47
Let k = 26 - 22. Suppose -2*w - 12 + k = 0, 5*g + w - 236 = 0. List the prime factors of g.
2, 3
Suppose 4*o + 5*j - 41 = 0, 0 = -5*o - 0*j - 4*j + 58. What are the prime factors of o?
2, 7
List the prime factors of ((-3)/3)/(5/935*-1).
11, 17
List the prime factors of (-1)/6 - 539/(-66).
2
Let i = 339 - 223. What are the prime factors of i?
2, 29
Let w be 2/13 + 205/(-65). Suppose -5*f + 2*d + 15 = 45, f + 4*d = -28. Let k = w - f. List the prime factors of k.
5
Let d(a) = -7*a**2 + 2*a - 2. Let w be d(2). Let g = w + 45. List the prime factors of g.
19
Let d(z) = z**3 - 3*z**2 + z + 2. Let p be d(3). Suppose -x - 20 = -p*x. What are the prime factors of x?
5
Let m(o) = -o**3 - 2*o**2 + o - 2. Let a be m(2). Let b = a + 28. What are the prime factors of b?
2, 3
Suppose 5*u - 16 - 84 = 0. Suppose 2*y - 2*q = u, 4*y - 17 = -q + 3. What are the prime factors of y?
2, 3
Let v be 3/(-15) + 268/(-10). Let f be (4/(-3))/((-6)/v). Let b = f - -13. What are the prime factors of b?
7
Let u = -2 - -4. Suppose -u*y = 2*y + 4. What are the prime factors of -10*2*y/2?
2, 5
Let x(j) = j**2 + 1. Let y be x(1). Suppose 2*b + 2*v - 10 = 0, 0 = y*b + 5*v - 8 - 2. What are the prime factors of b?
5
Let j(t) = -12*t**3 - 3*t**2 - t - 1. Let b be j(-2). Let z = b - 61. List the prime factors of z.
2, 3
Suppose 150 = 5*i - 0*i. Suppose -q = q - i. Suppose 6 = 3*r - q. List the prime factors of r.
7
Let u be (-2 + 9)/(-2 + 1). What are the prime factors of 14/(-49) + (-44)/u?
2, 3
Let d be 4 + -2 - 6 - 3. List the prime factors of d/((-14)/4) - -10.
2, 3
Suppose 4*c + 0*c + 8 = 0. List the prime factors of c/3 + (-34)/(-6).
5
Let m be -5 + 56 + (0 - 1). Let p = m - 35. List the prime factors of p.
3, 5
Let o(y) = 4*y. List the prime factors of o(2).
2
Let j(p) = p**3 - 3*p**2 - 3*p + 1. Let r be j(3). Let y = 22 + -8. Let q = r + y. List the prime factors of q.
2, 3
Let t(o) = -o**2 - 3*o + 3. Let f be t(-3). Suppose -4*s = -0*u - u - 43, -f*s + u = -32. What are the prime factors of s?
11
Let d = -8 + 21. Suppose 2*z - d = 9. Suppose z = 4*y - 33. What are the prime factors of y?
11
Let r be (-2 + 1 + -3)/(-2). Let t(o) = 3*o - 1 + o**3 + 7*o**2 + r + 0*o**2. List the prime factors of t(-6).
19
Suppose 4*s = -s + 5*c - 30, -3*s - 28 = -5*c. Let j(w) = -4*w. Let u be j(s). Suppose 1 = u*q - 11. What are the prime factors of q?
3
Let t(o) = o. Let q be t(3). Suppose -2*i - 52 = -4*x, -x + q*i - 30 = -4*x. What are the prime factors of x?
2, 3
Suppose 7 - 1 = -2*j. Let f = j - -12. Suppose -2*o + f = -3. List the prime factors of o.
2, 3
Suppose 134 - 30 = 4*u. List the prime factors of u.
2, 13
Suppose 2*h = 4*v + 30, 5*h + 3*v - 76 + 1 = 0. What are the prime factors of h?
3, 5
Let w be (6/(-8))/((-1)/1176). What are the prime factors of (-1)/(-2) + w/28?
2
Let o = 29 - 8. Suppose o = -2*q - 1. Let n = q - -21. What are the prime factors of n?
2, 5
List the prime factors of ((-5)/10)/((-2)/36).
3
Let g be 0 + 207/(-3) + -1. Let n = -33 - g. What are the prime factors of n?
37
Suppose -u + 25 = -2. Suppose 65 = 4*n - u. What are the prime factors of n?
23
Let u = 21 - 18. List the prime factors of u.
3
Let y(q) = -q**2 - 10*q - 7. Let c be y(-9). Suppose -c*d = d. Suppose 4*i + 20 - 64 = d. What are the prime factors of i?
11
Suppose 4*n - n = 6. Suppose n*k = -3*k + 50. List the prime factors of k.
2, 5
Suppose -2*p + l + 48 = 0, -2*l + 52 = 2*p - 4*l. What are the prime factors of p?
2, 11
Let i = -23 - -8. Let f = i - -42. What are the prime factors of f?
3
Let r = -27 - -71. What are the prime factors of r?
2, 11
List the prime factors of (184/(-10))/((-6)/15).
2, 23
Let i(g) = 2*g - 10. Let j be i(9). Suppose 8 + j = 4*f. What are the prime factors of f?
2
Let b(h) = h - 1. Let k be b(-4). Let m(v) = v + 7. Let z be m(k). Let q = 15 - z. List the prime factors of q.
13
Let b(f) be the third derivative of f**6/120 - f**5/30 - f**4/8 + f**3/6 + 5*f**2. What are the prime factors of b(4)?
3, 7
Let q(u) = -11*u - 3. Let m = -5 + 2. Let f be q(m). Suppose 6*o - f = o. List the prime factors of o.
2, 3
Let i(f) = 3*f - 6. List the prime factors of i(10).
2, 3
Let q = 50 + -14. List the prime factors of 158/6 - (-24)/q.
3
Suppose -5*o - 70 = -2*c, 58 = 2*o - 6*o + 2*c. What are the prime factors of ((-30)/o)/(2/4)?
5
Let w be (1/2)/((-2)/(-4)). List the prime factors of 3 + -2 - (w + -12).
2, 3
Suppose -j = a + 17, 4*j = -j - 4*a - 84. Let t be (6/8)/(2/j). Let n = 10 + t. List the prime factors of n.
2
Let t = -4 - 4. What are the prime factors of (-150)/12*t/10?
2, 5
Let n be (2 - 4/3)*9. Suppose w + 25 = n*w. What are the prime factors of w?
5
Let j be 26 - (-3 + 2 + 1). Let z = j - 3. List the prime factors of z.
23
Let i(v) = v + 7. Let p be i(-5). Let r be (8/(-12))/(p/(-132)). Let g = -31 + r. What are the prime factors of g?
13
Let n(k) = 4*k**2 + k + 1. Let g = -4 + 8. Let a = 2 - g. What are the prime factors of n(a)?
3, 5
Suppose 7 = m - 0. Let l(v) = v**3 - 8*v**2 + 10*v - 5. What are the prime factors of l(m)?
2
Let n(v) = 52*v - 33. List the prime factors of n(7).
331
Suppose -48 - 42 = -5*n. Suppose 3*z + 2*r - 3 = 7, r = 4*z + 5. Suppose -2*v + w + 11 = 0, -3*v - 3*w + 6*w + n = z. List the prime factors of v.
5
Let h(f) = -f**3 - 19*f**2 - 17*f + 15. Let m be h(-18). List the prime factors of ((m - -4) + 0)*3.
3
Let y(v) = -2*v - 2. Let p be 4/(-6)*(-2 + 5). Let b be y(p). Suppose -b*n - 2*x + 26 = 0, -2*n + 6*x - x = 2. What are the prime factors of n?
3
Let c(o) = -o**2 + 8*o + 9. Let t be c(8). Let b = 5 - t. List the prime factors of -3 - (-17 - (1 + b)).
11
Let u(h) = -33*h + 19. What are the prime factors of u(-6)?
7, 31
Let j = -2 - -24. What are the prime factors of (j - 1)/((-21)/(-28))?
2, 7
Let z be (1/(-2))/((-1)/24). Suppose 3*t = z, g = t - 2 + 1. What are the prime factors of g?
3
Let p(q) = -13*q**2 + 3*q - 13. Let s(z) = -7*z**2 + 2*z - 7. Let g(c) = 6*p(c) - 11*s(c). Let k be g(-3). Suppose k*j = 5*j - 27. List the prime factors of j.
3
Let m = 4 + -2. Suppose 6*k = m*k + 24. List the prime factors of k.
2, 3
Let l(s) = 4*s**2 - 3*s - 2. List the prime factors of l(5).
83
Suppose -f = 30 - 35. List the prime factors of f.
5
Suppose -5*f - 149 = 2*a, 4*f + 146 = -f - 3*a. What are the prime factors of 2 - (f - 8/4)?
5, 7
Suppose -3*r - 144 = -7*r. Suppose c = 2*s - 21, -3*s = 6*c - 3*c - r. List the prime factors of s.
11
Let s(l) = 5*l**3 + 2*l - l**2 - 3*l + 0*l**2. Let u be s(-1). Let r = u - -8. List the prime factors of r.
3
Suppose 4*x - x = -2*d + 4, 0 = d + 3*x - 2. Suppose k +